f 2508238651?
2
What is the tens digit of 1664525327?
2
What is the ten millions digit of 298668222?
9
What is the ten millions digit of 2694510983?
9
What is the hundred thousands digit of 155427591?
4
What is the ten millions digit of 28750960?
2
What is the ten millions digit of 3753708324?
5
What is the millions digit of 3340489367?
0
What is the ten millions digit of 607326666?
0
What is the hundred millions digit of 662661866?
6
What is the ten thousands digit of 195927479?
2
What is the tens digit of 2854293?
9
What is the thousands digit of 3000285897?
5
What is the hundreds digit of 1324780352?
3
What is the thousands digit of 997410063?
0
What is the hundred thousands digit of 33710926?
7
What is the hundred thousands digit of 3462344575?
3
What is the units digit of 472491650?
0
What is the hundred millions digit of 437643599?
4
What is the hundreds digit of 368862526?
5
What is the hundred millions digit of 1327960079?
3
What is the hundred millions digit of 123891207?
1
What is the hundred millions digit of 992436313?
9
What is the units digit of 572531795?
5
What is the ten thousands digit of 87301352?
0
What is the ten thousands digit of 146962583?
6
What is the ten millions digit of 128314210?
2
What is the hundred millions digit of 3422481830?
4
What is the thousands digit of 132621830?
1
What is the ten millions digit of 59334580?
5
What is the thousands digit of 8377135337?
5
What is the thousands digit of 171608415?
8
What is the billions digit of 6106222802?
6
What is the millions digit of 43827407?
3
What is the hundred thousands digit of 21363942?
3
What is the ten millions digit of 1496019007?
9
What is the ten thousands digit of 33303238?
0
What is the hundred millions digit of 235445100?
2
What is the ten thousands digit of 356325422?
2
What is the ten thousands digit of 1843701623?
0
What is the tens digit of 455247432?
3
What is the millions digit of 2039632837?
9
What is the hundred thousands digit of 40832631?
8
What is the hundred thousands digit of 240502219?
5
What is the hundred thousands digit of 1582892366?
8
What is the hundreds digit of 7660614062?
0
What is the hundreds digit of 25007794?
7
What is the hundred thousands digit of 1394809309?
8
What is the units digit of 3488268180?
0
What is the hundreds digit of 815015281?
2
What is the thousands digit of 507129967?
9
What is the units digit of 1235660293?
3
What is the ten thousands digit of 1111425224?
2
What is the thousands digit of 1399834598?
4
What is the millions digit of 68621473?
8
What is the tens digit of 419391602?
0
What is the millions digit of 602297680?
2
What is the hundreds digit of 64111258?
2
What is the ten millions digit of 734983059?
3
What is the ten millions digit of 48373655?
4
What is the hundred thousands digit of 7831240081?
2
What is the ten millions digit of 61702651?
6
What is the tens digit of 1143403738?
3
What is the ten thousands digit of 2635951274?
5
What is the ten millions digit of 1376153144?
7
What is the hundred thousands digit of 84687210?
6
What is the tens digit of 5172709388?
8
What is the ten millions digit of 297379622?
9
What is the tens digit of 372410687?
8
What is the hundred millions digit of 146372759?
1
What is the units digit of 96562494?
4
What is the millions digit of 6398011918?
8
What is the thousands digit of 1163159607?
9
What is the units digit of 100599233?
3
What is the units digit of 209822542?
2
What is the hundreds digit of 2492872724?
7
What is the billions digit of 3573514274?
3
What is the hundreds digit of 41474549?
5
What is the millions digit of 527783867?
7
What is the hundred millions digit of 2560596870?
5
What is the ten thousands digit of 2478660327?
6
What is the ten millions digit of 154504593?
5
What is the ten thousands digit of 217517622?
1
What is the tens digit of 133517812?
1
What is the tens digit of 38019171?
7
What is the ten millions digit of 265352071?
6
What is the millions digit of 77939177?
7
What is the ten millions digit of 194791665?
9
What is the thousands digit of 148331994?
1
What is the ten millions digit of 1216949311?
1
What is the hundreds digit of 475798121?
1
What is the millions digit of 265283951?
5
What is the ten millions digit of 958818537?
5
What is the millions digit of 401518081?
1
What is the tens digit of 69832708?
0
What is the hundred thousands digit of 4582925489?
9
What is the thousands digit of 165562491?
2
What is the hundred millions digit of 289897061?
2
What is the hundred millions digit of 116492082?
1
What is the ten millions digit of 575204777?
7
What is the thousands digit of 66607923?
7
What is the hundred millions digit of 114337608?
1
What is the units digit of 1545385388?
8
What is the ten thousands digit of 7261513?
6
What is the thousands digit of 411261876?
1
What is the millions digit of 502645855?
2
What is the ten thousands digit of 4206267112?
6
What is the hundreds digit of 64199836?
8
What is the millions digit of 25963981?
5
What is the tens digit of 775750666?
6
What is the ten millions digit of 1659782692?
5
What is the hundred millions digit of 1006585920?
0
What is the ten millions digit of 43765268?
4
What is the hundreds digit of 4227347965?
9
What is the thousands digit of 76866592?
6
What is the tens digit of 148866293?
9
What is the millions digit of 116131875?
6
What is the hundred thousands digit of 48125294?
1
What is the ten millions digit of 19977760?
1
What is the hundred thousands digit of 1076869830?
8
What is the millions digit of 1319965146?
9
What is the tens digit of 18773379?
7
What is the ten millions digit of 25435909?
2
What is the ten thousands digit of 400505215?
0
What is the ten millions digit of 378312687?
7
What is the units digit of 79069191?
1
What is the tens digit of 61678891?
9
What is the units digit of 3543417859?
9
What is the ten thousands digit of 39704576?
0
What is the thousands digit of 37579915?
9
What is the ten millions digit of 20083349?
2
What is the units digit of 63632?
2
What is the hundreds digit of 58994214?
2
What is the hundred millions digit of 602102074?
6
What is the tens digit of 15968211?
1
What is the hundreds digit of 2587479988?
9
What is the tens digit of 35827374?
7
What is the hundred millions digit of 1008526067?
0
What is the hundred millions digit of 231595040?
2
What is the ten millions digit of 7469834280?
6
What is the ten millions digit of 13879555?
1
What is the ten millions digit of 90005584?
9
What is the millions digit of 72135311?
2
What is the ten millions digit of 425512247?
2
What is the hundred millions digit of 3557986839?
5
What is the thousands digit of 305198729?
8
What is the hundred thousands digit of 168232332?
2
What is the ten millions digit of 334486230?
3
What is the hundred millions digit of 107183315?
1
What is the billions digit of 2207035833?
2
What is the millions digit of 1606147419?
6
What is the thousands digit of 69458432?
8
What is the ten millions digit of 590176055?
9
What is the hundreds digit of 45962483?
4
What is the units digit of 63820146?
6
What is the ten thousands digit of 2889851980?
5
What is the hundreds digit of 833610986?
9
What is the ten thousands digit of 149708019?
0
What is the millions digit of 447661597?
7
What is the units digit of 42015434?
4
What is the billions digit of 3063394838?
3
What is the thousands digit of 276845476?
5
What is the millions digit of 75086784?
5
What is the thousands digit of 8353670?
3
What is the units digit of 101567881?
1
What is the ten thousands digit of 1067583683?
8
What is the hundreds digit of 656490189?
1
What is the millions digit of 1113866859?
3
What is the thousands digit of 1049725111?
5
What is the hundred thousands digit of 834694747?
6
What is the millions digit of 446782465?
6
What is the tens digit of 71468226?
2
What is the hundreds digit of 49343888?
8
What is the units digit of 48517141?
1
What is the hundred millions digit of 1494188310?
4
What is the tens digit of 5081949108?
0
What is the ten thousands digit of 4557692827?
9
What is the tens digit of 340808139?
3
What is the units digit of 919775010?
0
What is the thousands digit of 18252415?
2
What is the ten millions digit of 222488784?
2
What is the ten millions digit of 14766